{"id":86,"date":"2022-08-10T11:15:18","date_gmt":"2022-08-10T09:15:18","guid":{"rendered":"https:\/\/wordpress.vecurosoft.com\/techbiz\/?page_id=86"},"modified":"2025-02-04T15:28:26","modified_gmt":"2025-02-04T14:28:26","slug":"contact-us","status":"publish","type":"page","link":"https:\/\/www.yottabyte.com.tn\/index.php\/contact-us\/","title":{"rendered":"Contact"},"content":{"rendered":"\t\t<div data-elementor-type=\"wp-page\" data-elementor-id=\"86\" class=\"elementor elementor-86\" data-elementor-post-type=\"page\">\n\t\t\t\t\t\t<section class=\"elementor-section elementor-top-section elementor-element elementor-element-33b4740 elementor-section-full_width elementor-section-height-default elementor-section-height-default\" data-id=\"33b4740\" data-element_type=\"section\">\n\t\t\t\t\t\t<div class=\"elementor-container elementor-column-gap-no\">\n\t\t\t\t\t<div class=\"elementor-column elementor-col-100 elementor-top-column elementor-element elementor-element-55f84ff\" data-id=\"55f84ff\" data-element_type=\"column\">\n\t\t\t<div class=\"elementor-widget-wrap elementor-element-populated\">\n\t\t\t\t\t\t<section class=\"elementor-section elementor-inner-section elementor-element elementor-element-1cd676f elementor-section-boxed elementor-section-height-default elementor-section-height-default\" data-id=\"1cd676f\" data-element_type=\"section\">\n\t\t\t\t\t\t<div class=\"elementor-container elementor-column-gap-no\">\n\t\t\t\t\t<div class=\"elementor-column elementor-col-50 elementor-inner-column elementor-element elementor-element-35e1b6f\" data-id=\"35e1b6f\" data-element_type=\"column\">\n\t\t\t<div class=\"elementor-widget-wrap elementor-element-populated\">\n\t\t\t\t\t\t<div class=\"elementor-element elementor-element-e305919 elementor-widget elementor-widget-text-editor\" data-id=\"e305919\" data-element_type=\"widget\" data-widget_type=\"text-editor.default\">\n\t\t\t\t<div class=\"elementor-widget-container\">\n\t\t\t\t\t\t\t\t\t<div class=\"contact-box\"><h3 class=\"contact-box__title h4\">Adresse<\/h3><p class=\"contact-box__text\">Nous sommes \u00e0 votre \u00e9coute ! Contactez-nous \u00e0 tout moment pour toute question ou assistance.<\/p><div class=\"contact-box__item\"><div class=\"contact-box__icon\">\u00a0<\/div><div class=\"media-body\"><h4 class=\"contact-box__label\">Num\u00e9ro de t\u00e9l\u00e9phone et e-mail<\/h4><p class=\"contact-box__info\"><a href=\"tel:+21622529946\">(+216) 22 529 946<\/a><a href=\"mailto:info@yottabyte.com.tn\">info@yottabyte.com.tn<\/a><\/p><\/div><\/div><div class=\"contact-box__item\"><div class=\"contact-box__icon\">\u00a0<\/div><div class=\"media-body\"><h4 class=\"contact-box__label\">Adresse de notre bureau<\/h4><p class=\"contact-box__info\">Immeuble Tamayouz 1082 Centre Urbain Nord-Tunis<\/p><\/div><\/div><div class=\"contact-box__item\"><div class=\"contact-box__icon\">\u00a0<\/div><div class=\"media-body\"><h4 class=\"contact-box__label\">Heures d&#8217;ouverture<\/h4><p class=\"contact-box__info\">7h00 \u2013 18h00 (Lun \u2013 Ven)<br \/>Ferm\u00e9 le samedi, dimanche et jours f\u00e9ri\u00e9s<\/p><\/div><\/div><\/div>\t\t\t\t\t\t\t\t<\/div>\n\t\t\t\t<\/div>\n\t\t\t\t\t<\/div>\n\t\t<\/div>\n\t\t\t\t<div class=\"elementor-column elementor-col-50 elementor-inner-column elementor-element elementor-element-0b1b19b\" data-id=\"0b1b19b\" data-element_type=\"column\">\n\t\t\t<div class=\"elementor-widget-wrap elementor-element-populated\">\n\t\t\t\t\t\t<div class=\"elementor-element elementor-element-6fb1070 elementor-widget elementor-widget-shortcode\" data-id=\"6fb1070\" data-element_type=\"widget\" data-widget_type=\"shortcode.default\">\n\t\t\t\t<div class=\"elementor-widget-container\">\n\t\t\t\t\t\t\t<div class=\"elementor-shortcode\">\n<div class=\"wpcf7 no-js\" id=\"wpcf7-f1639-o1\" lang=\"en-US\" dir=\"ltr\" data-wpcf7-id=\"1639\">\n<div class=\"screen-reader-response\"><p role=\"status\" aria-live=\"polite\" aria-atomic=\"true\"><\/p> <ul><\/ul><\/div>\n<form action=\"\/index.php\/wp-json\/wp\/v2\/pages\/86#wpcf7-f1639-o1\" method=\"post\" class=\"wpcf7-form init\" aria-label=\"Contact form\" novalidate=\"novalidate\" data-status=\"init\">\n<fieldset class=\"hidden-fields-container\"><input type=\"hidden\" name=\"_wpcf7\" value=\"1639\" \/><input type=\"hidden\" name=\"_wpcf7_version\" value=\"6.1.1\" \/><input type=\"hidden\" name=\"_wpcf7_locale\" value=\"en_US\" \/><input type=\"hidden\" name=\"_wpcf7_unit_tag\" value=\"wpcf7-f1639-o1\" \/><input type=\"hidden\" name=\"_wpcf7_container_post\" value=\"0\" \/><input type=\"hidden\" name=\"_wpcf7_posted_data_hash\" value=\"\" \/>\n<\/fieldset>\n<div class=\"contact-box\">\n<h3 class=\"contact-box__title h4\">Laissez un message<\/h3><p class=\"contact-box__text\">Nous sommes pr\u00eats \u00e0 vous aider<\/p>\n<div class=\"contact-box__form\">\n<div class=\"row gx-20\">\n                        <div class=\"col-md-6 form-group\">\n                            <span class=\"wpcf7-form-control-wrap\" data-name=\"text-69\"><input size=\"40\" maxlength=\"400\" class=\"wpcf7-form-control wpcf7-text wpcf7-validates-as-required\" aria-required=\"true\" aria-invalid=\"false\" placeholder=\"Nom complet\" value=\"\" type=\"text\" name=\"text-69\" \/><\/span><i class=\"fal fa-user\"><\/i>\n                        <\/div>\n                        <div class=\"col-md-6 form-group\">\n                            <span class=\"wpcf7-form-control-wrap\" data-name=\"email-564\"><input size=\"40\" maxlength=\"400\" class=\"wpcf7-form-control wpcf7-email wpcf7-validates-as-required wpcf7-text wpcf7-validates-as-email\" aria-required=\"true\" aria-invalid=\"false\" placeholder=\"Adresse e-mail\" value=\"\" type=\"email\" name=\"email-564\" \/><\/span><i class=\"fal fa-envelope\"><\/i>\n                        <\/div>\n                        <div class=\"col-md-12 form-group\">\n                            <span class=\"wpcf7-form-control-wrap\" data-name=\"menu-993\"><select class=\"wpcf7-form-control wpcf7-select wpcf7-validates-as-required\" aria-required=\"true\" aria-invalid=\"false\" name=\"menu-993\"><option value=\"D\u00e9veloppement Web\">D\u00e9veloppement Web<\/option><option value=\"Conception UI\/UX\">Conception UI\/UX<\/option><option value=\"D\u00e9veloppement CMS\">D\u00e9veloppement CMS<\/option><option value=\"D\u00e9veloppement de Th\u00e8mes\">D\u00e9veloppement de Th\u00e8mes<\/option><option value=\"D\u00e9veloppement WordPress\">D\u00e9veloppement WordPress<\/option><option value=\"D\u00e9veloppement d&#039;Applications Mobiles\">D\u00e9veloppement d&#039;Applications Mobiles<\/option><option value=\"Int\u00e9gration d&#039;API\">Int\u00e9gration d&#039;API<\/option><option value=\"S\u00e9curit\u00e9 Informatique\">S\u00e9curit\u00e9 Informatique<\/option><option value=\"Optimisation des Performances Web\">Optimisation des Performances Web<\/option><option value=\"Maintenance et Support Technique\">Maintenance et Support Technique<\/option><option value=\"H\u00e9bergement Web et Cloud\">H\u00e9bergement Web et Cloud<\/option><option value=\"R\u00e9f\u00e9rencement SEO\">R\u00e9f\u00e9rencement SEO<\/option><option value=\"Automatisation et Scripts\">Automatisation et Scripts<\/option><option value=\"Analyse de Donn\u00e9es et BI\">Analyse de Donn\u00e9es et BI<\/option><option value=\"Consulting en Transformation Digitale\">Consulting en Transformation Digitale<\/option><option value=\"Autre...\">Autre...<\/option><\/select><\/span>\n                        <\/div>\n                        <div class=\"col-12 form-group\">\n                            <span class=\"wpcf7-form-control-wrap\" data-name=\"textarea-218\"><textarea cols=\"40\" rows=\"10\" maxlength=\"2000\" class=\"wpcf7-form-control wpcf7-textarea wpcf7-validates-as-required\" aria-required=\"true\" aria-invalid=\"false\" placeholder=\"Saisissez votre message\" name=\"textarea-218\"><\/textarea><\/span>\n                        <\/div>\n                        <div class=\"col-12\">\n                            <button class=\"vs-btn wpcf7-submit\">Envoyer un message<i class=\"far fa-arrow-right\"><\/i><\/button>\n                        <\/div>\n                    <\/div>\n<\/div>\n <\/div><p style=\"display: none !important;\" class=\"akismet-fields-container\" data-prefix=\"_wpcf7_ak_\"><label>&#916;<textarea name=\"_wpcf7_ak_hp_textarea\" cols=\"45\" rows=\"8\" maxlength=\"100\"><\/textarea><\/label><input type=\"hidden\" id=\"ak_js_1\" name=\"_wpcf7_ak_js\" value=\"176\"\/><script>document.getElementById( \"ak_js_1\" ).setAttribute( \"value\", ( new Date() ).getTime() );<\/script><\/p><div class=\"wpcf7-response-output\" aria-hidden=\"true\"><\/div>\n<\/form>\n<\/div>\n<\/div>\n\t\t\t\t\t\t<\/div>\n\t\t\t\t<\/div>\n\t\t\t\t\t<\/div>\n\t\t<\/div>\n\t\t\t\t\t<\/div>\n\t\t<\/section>\n\t\t\t\t\t<\/div>\n\t\t<\/div>\n\t\t\t\t\t<\/div>\n\t\t<\/section>\n\t\t\t\t<\/div>\n\t\t","protected":false},"excerpt":{"rendered":"<p>Adresse Nous sommes \u00e0 votre \u00e9coute ! Contactez-nous \u00e0 tout moment pour toute question ou assistance. \u00a0 Num\u00e9ro de t\u00e9l\u00e9phone et e-mail (+216) 22 529 946info@yottabyte.com.tn \u00a0 Adresse de notre bureau Immeuble Tamayouz 1082 Centre Urbain Nord-Tunis \u00a0 Heures d&#8217;ouverture 7h00 \u2013 18h00 (Lun \u2013 Ven)Ferm\u00e9 le samedi, dimanche et jours f\u00e9ri\u00e9s<\/p>\n","protected":false},"author":1,"featured_media":0,"parent":0,"menu_order":0,"comment_status":"closed","ping_status":"closed","template":"template-builder.php","meta":{"om_disable_all_campaigns":false,"_monsterinsights_skip_tracking":false,"_monsterinsights_sitenote_active":false,"_monsterinsights_sitenote_note":"","_monsterinsights_sitenote_category":0,"_uf_show_specific_survey":0,"_uf_disable_surveys":false,"footnotes":""},"class_list":["post-86","page","type-page","status-publish","hentry"],"aioseo_notices":[],"_links":{"self":[{"href":"https:\/\/www.yottabyte.com.tn\/index.php\/wp-json\/wp\/v2\/pages\/86","targetHints":{"allow":["GET"]}}],"collection":[{"href":"https:\/\/www.yottabyte.com.tn\/index.php\/wp-json\/wp\/v2\/pages"}],"about":[{"href":"https:\/\/www.yottabyte.com.tn\/index.php\/wp-json\/wp\/v2\/types\/page"}],"author":[{"embeddable":true,"href":"https:\/\/www.yottabyte.com.tn\/index.php\/wp-json\/wp\/v2\/users\/1"}],"replies":[{"embeddable":true,"href":"https:\/\/www.yottabyte.com.tn\/index.php\/wp-json\/wp\/v2\/comments?post=86"}],"version-history":[{"count":6,"href":"https:\/\/www.yottabyte.com.tn\/index.php\/wp-json\/wp\/v2\/pages\/86\/revisions"}],"predecessor-version":[{"id":12772,"href":"https:\/\/www.yottabyte.com.tn\/index.php\/wp-json\/wp\/v2\/pages\/86\/revisions\/12772"}],"wp:attachment":[{"href":"https:\/\/www.yottabyte.com.tn\/index.php\/wp-json\/wp\/v2\/media?parent=86"}],"curies":[{"name":"wp","href":"https:\/\/api.w.org\/{rel}","templated":true}]}}